{"id":11,"date":"2019-07-26T10:21:04","date_gmt":"2019-07-26T10:21:04","guid":{"rendered":"http:\/\/tagderbewerbung-lev.com\/?page_id=11"},"modified":"2025-09-16T08:59:11","modified_gmt":"2025-09-16T08:59:11","slug":"impressum","status":"publish","type":"page","link":"https:\/\/tagderbewerbung-lev.com\/?page_id=11","title":{"rendered":"Impressum"},"content":{"rendered":"\n<p><strong>Impressum f\u00fcr den Arbeitgeberverband der Metall- und Elektroindustrie Rhein-Wupper e.V.:<\/strong><\/p>\n\n\n\n<p>Arbeitgeberverband der Metall- und Elektroindustrie Rhein-Wupper e.V.<br>Werkst\u00e4ttenstr. 21<br>51379 Leverkusen<\/p>\n\n\n\n<p>Gesch\u00e4ftsf\u00fchrer: Rechtsanwalt Andreas Tressin<\/p>\n\n\n\n<p>Telefon: 0 21 71\/7 39 2-0<br>Telefax: 0 21 71\/7 39 2-11<br>E-Mail:&nbsp;tressin@uvrw.de<br>Internet:&nbsp;<a href=\"http:\/\/www.unternehmerverbaende-rhein-wupper.de\/\">www.unternehmerverbaende-rhein-wupper.de<\/a><\/p>\n\n\n\n<p>Vorstand: (vertretungsberechtigt ist ein Vorstandsmitglied zusammen mit einem weiteren Vorstandsmitglied oder mit dem Gesch\u00e4ftsf\u00fchrer)<\/p>\n\n\n\n<p>Herr Arndt Krebs (Vorsitzender)<br>Herr Max Taha<br>Herr Thomas Ebker<\/p>\n\n\n\n<p>Registergericht: Amtsgericht K\u00f6ln<br>Registernummer: VR 400623<\/p>\n\n\n\n<p><strong>Impressum f\u00fcr die Unternehmerschaft Rhein-Wupper e.V.:<\/strong><\/p>\n\n\n\n<p>Unternehmerschaft Rhein-Wupper e.V.<br>Werkst\u00e4ttenstr. 21<br>51379 Leverkusen<br>Gesch\u00e4ftsf\u00fchrer: Rechtsanwalt Andreas Tressin<\/p>\n\n\n\n<p>Telefon: 0 21 71\/7 39 2-0<br>Telefax: 0 21 71\/7 39 2-11<br>E-Mail: tressin@uvrw.de<br>Internet:&nbsp;<a href=\"http:\/\/www.unternehmerverbaende-rhein-wupper.de\/\">www.unternehmerverbaende-rhein-wupper.de<\/a><\/p>\n\n\n\n<p>Vorstand: (vertretungsberechtigt ist ein Vorstandsmitglied zusammen mit einem weiteren Vorstandsmitglied oder mit dem Gesch\u00e4ftsf\u00fchrer)<\/p>\n\n\n\n<p>Herr Marc Kretkowski (Vorsitzender)<br>Herr Detlev Szczukowski<\/p>\n\n\n\n<p>Registergericht: Amtsgericht K\u00f6ln<br>Registernummer: VR 401815<\/p>\n\n\n\n<p><strong>Impressum f\u00fcr das Berufskolleg Opladen:<\/strong><\/p>\n\n\n\n<p>Berufskolleg Opladen mit gymnasialer Oberstufe<\/p>\n\n\n\n<p>Stauffenbergstra\u00dfe 21 \u2013 23<br>51379 Leverkusen<\/p>\n\n\n\n<p>Schulleitung: Frau OStD\u2018 Dr G\u00f6ttsche<\/p>\n\n\n\n<p>Tel: 02171\/7087-10<br>Fax: 02171\/53681<br>E-Mail: info@bk-opladen.de<\/p>\n\n\n\n<p>Datenschutzbeauftragter:<\/p>\n\n\n\n<p>Herr Dekker<br>St\u00e4dt. Katholische Hauptschule<br>Am Stadtpark 29<br>51373 Leverkusen<\/p>\n\n\n\n<p>Tel: 0214\/31267636<br>Fax: 0214\/31267637<br>E-Mail: Volker.Dekker@stadt.leverkusen.de<\/p>\n\n\n\n<p>Realisation (Corporate Design \/ Webentwicklung):<\/p>\n\n\n\n<p>Folgt<\/p>\n\n\n\n<p>Verantwortliche f\u00fcr journalistisch-redaktionelle Inhalte i.S.d. \u00a7 55 Abs. 2 RStV:<\/p>\n\n\n\n<p>In den o.g. Arbeitgeberverb\u00e4nden:<\/p>\n\n\n\n<p>Herr Rechtsanwalt Andreas Tressin<br>Werkst\u00e4ttenstr. 21<br>51379 Leverkusen<br>Telefon: 0 21 71\/7 39 2-0<\/p>\n\n\n\n<p>und in dem Berufskolleg Opladen:<\/p>\n\n\n\n<p>Frau OStD\u2018 Dr. G\u00f6ttsche<\/p>\n\n\n\n<p>Berufskolleg Opladen mit gymnasialer Oberstufe<br>Stauffenbergstra\u00dfe 21 \u2013 23<br>51379 Leverkusen<br>Tel: 02171\/7087-10<\/p>\n\n\n\n<p><strong>Haftung f\u00fcr Inhalte:<\/strong><\/p>\n\n\n\n<p>Als Diensteanbieter sind wir gem\u00e4\u00df \u00a7 7 Abs. 1 TMG f\u00fcr eigene Inhalte auf diesen Seiten nach den allgemeinen Gesetzen verantwortlich. Nach \u00a7\u00a7 8 bis 10 TMG sind wir als Diensteanbieter jedoch nicht verpflichtet, \u00fcbermittelte oder gespeicherte fremde Informationen zu \u00fcberwachen oder nach Umst\u00e4nden zu forschen, die auf eine rechtswidrige T\u00e4tigkeit hinweisen.<\/p>\n\n\n\n<p>Verpflichtungen zur Entfernung oder Sperrung der Nutzung von Informationen nach den allgemeinen Gesetzen bleiben hiervon unber\u00fchrt. Eine diesbez\u00fcgliche Haftung ist jedoch erst ab dem Zeitpunkt der Kenntnis einer konkreten Rechtsverletzung m\u00f6glich. Bei Bekanntwerden von entsprechenden Rechtsverletzungen werden wir diese Inhalte umgehend entfernen.<\/p>\n\n\n\n<p><strong>Externe Links<\/strong><\/p>\n\n\n\n<p>Unser Angebot enth\u00e4lt Links zu externen Websites Dritter, auf deren Inhalte wir keinen Einfluss haben. Deshalb k\u00f6nnen wir f\u00fcr diese fremden Inhalte auch keine Gew\u00e4hr \u00fcbernehmen. F\u00fcr die Inhalte der verlinkten Seiten ist stets der jeweilige Anbieter oder Betreiber der Seiten verantwortlich. Die verlinkten Seiten wurden zum Zeitpunkt der Verlinkung auf m\u00f6gliche Rechtsverst\u00f6\u00dfe \u00fcberpr\u00fcft. Rechtswidrige Inhalte waren zum Zeitpunkt der Verlinkung nicht erkennbar.<\/p>\n\n\n\n<p>Eine permanente inhaltliche Kontrolle der verlinkten Seiten ist jedoch ohne konkrete Anhaltspunkte einer Rechtsverletzung nicht zumutbar. Bei Bekanntwerden von Rechtsverletzungen werden wir derartige Links umgehend entfernen.<\/p>\n\n\n\n<p><strong>Urheberrechte<\/strong><\/p>\n\n\n\n<p>Die durch die Seitenbetreiber erstellten Inhalte und Werke auf diesen Seiten unterliegen dem deutschen Urheberrecht. Die Vervielf\u00e4ltigung, Bearbeitung, Verbreitung und jede Art der Verwertung au\u00dferhalb der Grenzen des Urheberrechts bed\u00fcrfen der schriftlichen Zustimmung des jeweiligen Autors bzw. Erstellers. Downloads und Kopien dieser Seite sind nur f\u00fcr den privaten, nicht kommerziellen Gebrauch gestattet.<\/p>\n\n\n\n<p>Soweit die Inhalte auf dieser Seite nicht vom Betreiber erstellt wurden, werden die Urheberrechte Dritter beachtet. Insbesondere werden Inhalte Dritter als solche gekennzeichnet. Sollten Sie trotzdem auf eine Urheberrechtsverletzung aufmerksam werden, bitten wir um einen entsprechenden Hinweis. Bei Bekanntwerden von Rechtsverletzungen werden wir derartige Inhalte umgehend entfernen.<\/p>\n\n\n\n<h3 class=\"wp-block-heading\">Realisation (Webentwicklung):&nbsp;<a href=\"http:\/\/d-ignition.de\/\"><strong>d-Ignition UG (haftungsbeschr\u00e4nkt)<\/strong><\/a><\/h3>\n","protected":false},"excerpt":{"rendered":"<p>Impressum f\u00fcr den Arbeitgeberverband der Metall- und Elektroindustrie Rhein-Wupper e.V.: Arbeitgeberverband der Metall- und Elektroindustrie Rhein-Wupper e.V.Werkst\u00e4ttenstr. 2151379 Leverkusen Gesch\u00e4ftsf\u00fchrer: Rechtsanwalt Andreas Tressin Telefon: 0 21 71\/7 39 2-0Telefax: 0 21 71\/7 39 2-11E-Mail:&nbsp;tressin@uvrw.deInternet:&nbsp;www.unternehmerverbaende-rhein-wupper.de Vorstand: (vertretungsberechtigt ist ein Vorstandsmitglied zusammen mit einem weiteren Vorstandsmitglied oder mit dem Gesch\u00e4ftsf\u00fchrer) Herr Arndt Krebs (Vorsitzender)Herr Max TahaHerr Thomas&#8230; <\/p>\n<div class=\"link-more\"><a href=\"https:\/\/tagderbewerbung-lev.com\/?page_id=11\">Weiterlesen<\/a><\/div>\n","protected":false},"author":1,"featured_media":0,"parent":0,"menu_order":0,"comment_status":"closed","ping_status":"closed","template":"","meta":{"footnotes":""},"class_list":["post-11","page","type-page","status-publish","hentry"],"_links":{"self":[{"href":"https:\/\/tagderbewerbung-lev.com\/index.php?rest_route=\/wp\/v2\/pages\/11","targetHints":{"allow":["GET"]}}],"collection":[{"href":"https:\/\/tagderbewerbung-lev.com\/index.php?rest_route=\/wp\/v2\/pages"}],"about":[{"href":"https:\/\/tagderbewerbung-lev.com\/index.php?rest_route=\/wp\/v2\/types\/page"}],"author":[{"embeddable":true,"href":"https:\/\/tagderbewerbung-lev.com\/index.php?rest_route=\/wp\/v2\/users\/1"}],"replies":[{"embeddable":true,"href":"https:\/\/tagderbewerbung-lev.com\/index.php?rest_route=%2Fwp%2Fv2%2Fcomments&post=11"}],"version-history":[{"count":12,"href":"https:\/\/tagderbewerbung-lev.com\/index.php?rest_route=\/wp\/v2\/pages\/11\/revisions"}],"predecessor-version":[{"id":805,"href":"https:\/\/tagderbewerbung-lev.com\/index.php?rest_route=\/wp\/v2\/pages\/11\/revisions\/805"}],"wp:attachment":[{"href":"https:\/\/tagderbewerbung-lev.com\/index.php?rest_route=%2Fwp%2Fv2%2Fmedia&parent=11"}],"curies":[{"name":"wp","href":"https:\/\/api.w.org\/{rel}","templated":true}]}}

<p><strong>Impressum für den Arbeitgeberverband der Metall- und Elektroindustrie Rhein-Wupper e.V.:</strong></p>



<p>Arbeitgeberverband der Metall- und Elektroindustrie Rhein-Wupper e.V.<br>Werkstättenstr. 21<br>51379 Leverkusen</p>



<p>Geschäftsführer: Rechtsanwalt Andreas Tressin</p>



<p>Telefon: 0 21 71/7 39 2-0<br>Telefax: 0 21 71/7 39 2-11<br>E-Mail:&nbsp;tressin@uvrw.de<br>Internet:&nbsp;<a href="http://www.unternehmerverbaende-rhein-wupper.de/">www.unternehmerverbaende-rhein-wupper.de</a></p>



<p>Vorstand: (vertretungsberechtigt ist ein Vorstandsmitglied zusammen mit einem weiteren Vorstandsmitglied oder mit dem Geschäftsführer)</p>



<p>Herr Arndt Krebs (Vorsitzender)<br>Herr Max Taha<br>Herr Thomas Ebker</p>



<p>Registergericht: Amtsgericht Köln<br>Registernummer: VR 400623</p>



<p><strong>Impressum für die Unternehmerschaft Rhein-Wupper e.V.:</strong></p>



<p>Unternehmerschaft Rhein-Wupper e.V.<br>Werkstättenstr. 21<br>51379 Leverkusen<br>Geschäftsführer: Rechtsanwalt Andreas Tressin</p>



<p>Telefon: 0 21 71/7 39 2-0<br>Telefax: 0 21 71/7 39 2-11<br>E-Mail: tressin@uvrw.de<br>Internet:&nbsp;<a href="http://www.unternehmerverbaende-rhein-wupper.de/">www.unternehmerverbaende-rhein-wupper.de</a></p>



<p>Vorstand: (vertretungsberechtigt ist ein Vorstandsmitglied zusammen mit einem weiteren Vorstandsmitglied oder mit dem Geschäftsführer)</p>



<p>Herr Marc Kretkowski (Vorsitzender)<br>Herr Detlev Szczukowski</p>



<p>Registergericht: Amtsgericht Köln<br>Registernummer: VR 401815</p>



<p><strong>Impressum für das Berufskolleg Opladen:</strong></p>



<p>Berufskolleg Opladen mit gymnasialer Oberstufe</p>



<p>Stauffenbergstraße 21 – 23<br>51379 Leverkusen</p>



<p>Schulleitung: Frau OStD‘ Dr Göttsche</p>



<p>Tel: 02171/7087-10<br>Fax: 02171/53681<br>E-Mail: info@bk-opladen.de</p>



<p>Datenschutzbeauftragter:</p>



<p>Herr Dekker<br>Städt. Katholische Hauptschule<br>Am Stadtpark 29<br>51373 Leverkusen</p>



<p>Tel: 0214/31267636<br>Fax: 0214/31267637<br>E-Mail: Volker.Dekker@stadt.leverkusen.de</p>



<p>Realisation (Corporate Design / Webentwicklung):</p>



<p>Folgt</p>



<p>Verantwortliche für journalistisch-redaktionelle Inhalte i.S.d. § 55 Abs. 2 RStV:</p>



<p>In den o.g. Arbeitgeberverbänden:</p>



<p>Herr Rechtsanwalt Andreas Tressin<br>Werkstättenstr. 21<br>51379 Leverkusen<br>Telefon: 0 21 71/7 39 2-0</p>



<p>und in dem Berufskolleg Opladen:</p>



<p>Frau OStD‘ Dr. Göttsche</p>



<p>Berufskolleg Opladen mit gymnasialer Oberstufe<br>Stauffenbergstraße 21 – 23<br>51379 Leverkusen<br>Tel: 02171/7087-10</p>



<p><strong>Haftung für Inhalte:</strong></p>



<p>Als Diensteanbieter sind wir gemäß § 7 Abs. 1 TMG für eigene Inhalte auf diesen Seiten nach den allgemeinen Gesetzen verantwortlich. Nach §§ 8 bis 10 TMG sind wir als Diensteanbieter jedoch nicht verpflichtet, übermittelte oder gespeicherte fremde Informationen zu überwachen oder nach Umständen zu forschen, die auf eine rechtswidrige Tätigkeit hinweisen.</p>



<p>Verpflichtungen zur Entfernung oder Sperrung der Nutzung von Informationen nach den allgemeinen Gesetzen bleiben hiervon unberührt. Eine diesbezügliche Haftung ist jedoch erst ab dem Zeitpunkt der Kenntnis einer konkreten Rechtsverletzung möglich. Bei Bekanntwerden von entsprechenden Rechtsverletzungen werden wir diese Inhalte umgehend entfernen.</p>



<p><strong>Externe Links</strong></p>



<p>Unser Angebot enthält Links zu externen Websites Dritter, auf deren Inhalte wir keinen Einfluss haben. Deshalb können wir für diese fremden Inhalte auch keine Gewähr übernehmen. Für die Inhalte der verlinkten Seiten ist stets der jeweilige Anbieter oder Betreiber der Seiten verantwortlich. Die verlinkten Seiten wurden zum Zeitpunkt der Verlinkung auf mögliche Rechtsverstöße überprüft. Rechtswidrige Inhalte waren zum Zeitpunkt der Verlinkung nicht erkennbar.</p>



<p>Eine permanente inhaltliche Kontrolle der verlinkten Seiten ist jedoch ohne konkrete Anhaltspunkte einer Rechtsverletzung nicht zumutbar. Bei Bekanntwerden von Rechtsverletzungen werden wir derartige Links umgehend entfernen.</p>



<p><strong>Urheberrechte</strong></p>



<p>Die durch die Seitenbetreiber erstellten Inhalte und Werke auf diesen Seiten unterliegen dem deutschen Urheberrecht. Die Vervielfältigung, Bearbeitung, Verbreitung und jede Art der Verwertung außerhalb der Grenzen des Urheberrechts bedürfen der schriftlichen Zustimmung des jeweiligen Autors bzw. Erstellers. Downloads und Kopien dieser Seite sind nur für den privaten, nicht kommerziellen Gebrauch gestattet.</p>



<p>Soweit die Inhalte auf dieser Seite nicht vom Betreiber erstellt wurden, werden die Urheberrechte Dritter beachtet. Insbesondere werden Inhalte Dritter als solche gekennzeichnet. Sollten Sie trotzdem auf eine Urheberrechtsverletzung aufmerksam werden, bitten wir um einen entsprechenden Hinweis. Bei Bekanntwerden von Rechtsverletzungen werden wir derartige Inhalte umgehend entfernen.</p>



<h3 class="wp-block-heading">Realisation (Webentwicklung):&nbsp;<a href="http://d-ignition.de/"><strong>d-Ignition UG (haftungsbeschränkt)</strong></a></h3>

<p>Impressum für den Arbeitgeberverband der Metall- und Elektroindustrie Rhein-Wupper e.V.: Arbeitgeberverband der Metall- und Elektroindustrie Rhein-Wupper e.V.Werkstättenstr. 2151379 Leverkusen Geschäftsführer: Rechtsanwalt Andreas Tressin Telefon: 0 21 71/7 39 2-0Telefax: 0 21 71/7 39 2-11E-Mail:&nbsp;tressin@uvrw.deInternet:&nbsp;www.unternehmerverbaende-rhein-wupper.de Vorstand: (vertretungsberechtigt ist ein Vorstandsmitglied zusammen mit einem weiteren Vorstandsmitglied oder mit dem Geschäftsführer) Herr Arndt Krebs (Vorsitzender)Herr Max TahaHerr Thomas&#8230; </p>
<div class="link-more"><a href="https://tagderbewerbung-lev.com/?page_id=11">Weiterlesen</a></div>
