{"id":61,"date":"2019-08-06T16:50:50","date_gmt":"2019-08-06T16:50:50","guid":{"rendered":"http:\/\/tagderbewerbung-lev.com\/?page_id=61"},"modified":"2025-09-15T09:15:02","modified_gmt":"2025-09-15T09:15:02","slug":"kombi-studiengaenge","status":"publish","type":"page","link":"https:\/\/tagderbewerbung-lev.com\/?page_id=61","title":{"rendered":"Kombi-Studieng\u00e4nge"},"content":{"rendered":"<p>\n<!--StartFragment--><\/p>\n\n\n<p style=\"font-size:17px\">\u00dcber allgemeine Informationen zu Kombi-Studieng\u00e4ngen berichtet gerne die <\/p>\n\n\n\n<p style=\"font-size:17px\"><strong>Agentur f\u00fcr Arbeit am Stand Nr.  xx im Selbstlernzentrum.<\/strong><\/p>\n\n\n\n<p><\/p>\n\n\n\n<p style=\"font-size:17px\"><strong>Schau doch einfach mal vorbei! <\/strong><\/p>\n\n\n<p><!--EndFragment--><\/p>","protected":false},"excerpt":{"rendered":"<p>\u00dcber allgemeine Informationen zu Kombi-Studieng\u00e4ngen berichtet gerne die Agentur f\u00fcr Arbeit am Stand Nr. xx im Selbstlernzentrum. Schau doch einfach mal vorbei!<\/p>\n","protected":false},"author":1,"featured_media":0,"parent":0,"menu_order":0,"comment_status":"closed","ping_status":"closed","template":"","meta":{"footnotes":""},"class_list":["post-61","page","type-page","status-publish","hentry"],"_links":{"self":[{"href":"https:\/\/tagderbewerbung-lev.com\/index.php?rest_route=\/wp\/v2\/pages\/61","targetHints":{"allow":["GET"]}}],"collection":[{"href":"https:\/\/tagderbewerbung-lev.com\/index.php?rest_route=\/wp\/v2\/pages"}],"about":[{"href":"https:\/\/tagderbewerbung-lev.com\/index.php?rest_route=\/wp\/v2\/types\/page"}],"author":[{"embeddable":true,"href":"https:\/\/tagderbewerbung-lev.com\/index.php?rest_route=\/wp\/v2\/users\/1"}],"replies":[{"embeddable":true,"href":"https:\/\/tagderbewerbung-lev.com\/index.php?rest_route=%2Fwp%2Fv2%2Fcomments&post=61"}],"version-history":[{"count":12,"href":"https:\/\/tagderbewerbung-lev.com\/index.php?rest_route=\/wp\/v2\/pages\/61\/revisions"}],"predecessor-version":[{"id":750,"href":"https:\/\/tagderbewerbung-lev.com\/index.php?rest_route=\/wp\/v2\/pages\/61\/revisions\/750"}],"wp:attachment":[{"href":"https:\/\/tagderbewerbung-lev.com\/index.php?rest_route=%2Fwp%2Fv2%2Fmedia&parent=61"}],"curies":[{"name":"wp","href":"https:\/\/api.w.org\/{rel}","templated":true}]}}

Kombi-Studiengänge

<p>
<!--StartFragment--></p>


<p style="font-size:17px">Über allgemeine Informationen zu Kombi-Studiengängen berichtet gerne die </p>



<p style="font-size:17px"><strong>Agentur für Arbeit am Stand Nr.  xx im Selbstlernzentrum.</strong></p>



<p></p>



<p style="font-size:17px"><strong>Schau doch einfach mal vorbei! </strong></p>


<p><!--EndFragment--></p>

<p>Über allgemeine Informationen zu Kombi-Studiengängen berichtet gerne die Agentur für Arbeit am Stand Nr. xx im Selbstlernzentrum. Schau doch einfach mal vorbei!</p>
