{"id":63,"date":"2019-08-06T16:52:08","date_gmt":"2019-08-06T16:52:08","guid":{"rendered":"http:\/\/tagderbewerbung-lev.com\/?page_id=63"},"modified":"2025-09-15T09:01:53","modified_gmt":"2025-09-15T09:01:53","slug":"last-minute-boerse","status":"publish","type":"page","link":"https:\/\/tagderbewerbung-lev.com\/?page_id=63","title":{"rendered":"&#8222;Last-Minute-B\u00f6rse&#8220; offener Ausbildungspl\u00e4tze"},"content":{"rendered":"<div class=\"wp-block-image\">\n<figure class=\"alignleft\"><img decoding=\"async\" src=\"https:\/\/tagderausbildung.files.wordpress.com\/2018\/07\/kachel-last-minute.jpg?w=150&amp;h=150\" alt=\"Kachel Last Minute\" class=\"wp-image-358\"\/><\/figure>\n<\/div>\n\n\n<p class=\"has-medium-font-size\">Selbst jetzt gibt es noch freie Ausbildungspl\u00e4tze f\u00fcr den Ausbildungsbeginn!<\/p>\n\n\n\n<p style=\"font-size:17px\">Welche Unternehmen noch Auszubildende suchen, findest du am Stand der <strong>Unternehmerverb\u00e4nde Rhein Wupper<\/strong>.<\/p>\n\n\n\n<p style=\"font-size:17px\">Dort bekommst du Informationen und die Kontaktdaten. <\/p>\n\n\n\n<p style=\"font-size:17px\"><strong>Nur Mut, mit dem richtigen Auftreten kannst du die Anwesenden\n vielleicht davon \u00fcberzeugen, dich ins Auswahlverfahren zu \u00fcbernehmen.<\/strong><\/p>\n","protected":false},"excerpt":{"rendered":"<p>Selbst jetzt gibt es noch freie Ausbildungspl\u00e4tze f\u00fcr den Ausbildungsbeginn! Welche Unternehmen noch Auszubildende suchen, findest du am Stand der Unternehmerverb\u00e4nde Rhein Wupper. Dort bekommst du Informationen und die Kontaktdaten. Nur Mut, mit dem richtigen Auftreten kannst du die Anwesenden vielleicht davon \u00fcberzeugen, dich ins Auswahlverfahren zu \u00fcbernehmen.<\/p>\n","protected":false},"author":1,"featured_media":0,"parent":0,"menu_order":0,"comment_status":"closed","ping_status":"closed","template":"","meta":{"footnotes":""},"class_list":["post-63","page","type-page","status-publish","hentry"],"_links":{"self":[{"href":"https:\/\/tagderbewerbung-lev.com\/index.php?rest_route=\/wp\/v2\/pages\/63","targetHints":{"allow":["GET"]}}],"collection":[{"href":"https:\/\/tagderbewerbung-lev.com\/index.php?rest_route=\/wp\/v2\/pages"}],"about":[{"href":"https:\/\/tagderbewerbung-lev.com\/index.php?rest_route=\/wp\/v2\/types\/page"}],"author":[{"embeddable":true,"href":"https:\/\/tagderbewerbung-lev.com\/index.php?rest_route=\/wp\/v2\/users\/1"}],"replies":[{"embeddable":true,"href":"https:\/\/tagderbewerbung-lev.com\/index.php?rest_route=%2Fwp%2Fv2%2Fcomments&post=63"}],"version-history":[{"count":18,"href":"https:\/\/tagderbewerbung-lev.com\/index.php?rest_route=\/wp\/v2\/pages\/63\/revisions"}],"predecessor-version":[{"id":742,"href":"https:\/\/tagderbewerbung-lev.com\/index.php?rest_route=\/wp\/v2\/pages\/63\/revisions\/742"}],"wp:attachment":[{"href":"https:\/\/tagderbewerbung-lev.com\/index.php?rest_route=%2Fwp%2Fv2%2Fmedia&parent=63"}],"curies":[{"name":"wp","href":"https:\/\/api.w.org\/{rel}","templated":true}]}}